{"id":94,"date":"2019-01-08T18:07:29","date_gmt":"2019-01-08T17:07:29","guid":{"rendered":"https:\/\/jdnd.mood.asso.fr\/equipe\/?page_id=94"},"modified":"2022-11-09T12:51:53","modified_gmt":"2022-11-09T11:51:53","slug":"contacts","status":"publish","type":"page","link":"https:\/\/jdnd.mood.asso.fr\/equipe\/contacts\/","title":{"rendered":"Contacts"},"content":{"rendered":"\n<p class=\"has-background\" style=\"background-color:#cee06c\"><strong>&#x26a0;&#xfe0f; Attention, les informations ci-dessous concernent l&rsquo;\u00e9dition 2022<\/strong>.<\/p>\n\n\n\n<h4 class=\"wp-block-heading\">Mission handicap CCAS de Dijon<\/h4>\n\n\n\n<p><strong>Marie-H\u00e9l\u00e8ne Remigius<br><\/strong><a rel=\"noreferrer noopener\" href=\"mailto:mhremigius@ccas-dijon.fr\" target=\"_blank\">mhremigius@ccas-dijon.fr<\/a><\/p>\n\n\n\n<p><strong>Sylvie Beuchot<\/strong><br><a rel=\"noreferrer noopener\" href=\"mailto:sbeuchot@ccas-dijon.fr\" target=\"_blank\">sbeuchot@ccas-dijon.fr<\/a><\/p>\n\n\n\n<p><strong>Christine Masson<\/strong><br><a rel=\"noreferrer noopener\" href=\"mailto:cmasson@ccas-dijon.fr\" target=\"_blank\">cmasson@ccas-dijon.fr<\/a><\/p>\n\n\n\n<hr class=\"wp-block-separator has-css-opacity\"\/>\n\n\n\n<h4 class=\"wp-block-heading\">Prestataire de communication<\/h4>\n\n\n\n<p><strong>St\u00e9phane Hanquet<\/strong> (stefhan)<strong><br><\/strong><a href=\"mailto:shanquet@gmail.com\">shanquet@gmail.com<\/a><\/p>\n\n\n\n<p>Semeia Creative<br><a href=\"https:\/\/www.semeia-creative.com\" data-type=\"URL\" data-id=\"https:\/\/www.semeia-creative.com\" target=\"_blank\" rel=\"noreferrer noopener\">www.semeia-creative.com<\/a><\/p>\n\n\n\n<hr class=\"wp-block-separator has-css-opacity\"\/>\n\n\n\n<h4 class=\"wp-block-heading\">Mentions l\u00e9gales<\/h4>\n\n\n\n<p>Mentions l\u00e9gales &amp; Cr\u00e9dits de la Ville de Dijon :<br><a rel=\"noreferrer noopener\" aria-label=\"https:\/\/www.dijon.fr\/Mentions-legales-Credits (s\u2019ouvre dans un nouvel onglet)\" href=\"https:\/\/www.dijon.fr\/Mentions-legales-Credits\" target=\"_blank\">https:\/\/www.dijon.fr\/Mentions-legales-Credits<\/a><\/p>\n\n\n\n<p>Des cookies sont d\u00e9pos\u00e9s pour assurer le bon fonctionnement du site internet, notamment pour les sessions de connexions au site.<\/p>\n","protected":false},"excerpt":{"rendered":"<p>&#x26a0;&#xfe0f; Attention, les informations ci-dessous concernent l&rsquo;\u00e9dition 2022. Mission handicap CCAS de Dijon Marie-H\u00e9l\u00e8ne Remigiusmhremigius@ccas-dijon.fr Sylvie Beuchotsbeuchot@ccas-dijon.fr Christine Massoncmasson@ccas-dijon.fr Prestataire de communication St\u00e9phane Hanquet (stefhan)shanquet@gmail.com Semeia Creativewww.semeia-creative.com Mentions l\u00e9gales Mentions l\u00e9gales &amp; Cr\u00e9dits de la Ville de Dijon :https:\/\/www.dijon.fr\/Mentions-legales-Credits Des cookies sont d\u00e9pos\u00e9s pour assurer le bon fonctionnement du site internet, notamment pour les sessions [&hellip;]<\/p>\n","protected":false},"author":1,"featured_media":0,"parent":0,"menu_order":0,"comment_status":"closed","ping_status":"closed","template":"","meta":{"_uag_custom_page_level_css":"","hide_page_title":"","footnotes":""},"class_list":["post-94","page","type-page","status-publish","hentry"],"uagb_featured_image_src":{"full":false,"thumbnail":false,"medium":false,"medium_large":false,"large":false,"1536x1536":false,"2048x2048":false},"uagb_author_info":{"display_name":"stefhan","author_link":"https:\/\/jdnd.mood.asso.fr\/equipe\/author\/stefhan\/"},"uagb_comment_info":0,"uagb_excerpt":"&#x26a0;&#xfe0f; Attention, les informations ci-dessous concernent l&rsquo;\u00e9dition 2022. Mission handicap CCAS de Dijon Marie-H\u00e9l\u00e8ne Remigiusmhremigius@ccas-dijon.fr Sylvie Beuchotsbeuchot@ccas-dijon.fr Christine Massoncmasson@ccas-dijon.fr Prestataire de communication St\u00e9phane Hanquet (stefhan)shanquet@gmail.com Semeia Creativewww.semeia-creative.com Mentions l\u00e9gales Mentions l\u00e9gales &amp; Cr\u00e9dits de la Ville de Dijon :https:\/\/www.dijon.fr\/Mentions-legales-Credits Des cookies sont d\u00e9pos\u00e9s pour assurer le bon fonctionnement du site internet, notamment pour les sessions\u2026","_links":{"self":[{"href":"https:\/\/jdnd.mood.asso.fr\/equipe\/wp-json\/wp\/v2\/pages\/94","targetHints":{"allow":["GET"]}}],"collection":[{"href":"https:\/\/jdnd.mood.asso.fr\/equipe\/wp-json\/wp\/v2\/pages"}],"about":[{"href":"https:\/\/jdnd.mood.asso.fr\/equipe\/wp-json\/wp\/v2\/types\/page"}],"author":[{"embeddable":true,"href":"https:\/\/jdnd.mood.asso.fr\/equipe\/wp-json\/wp\/v2\/users\/1"}],"replies":[{"embeddable":true,"href":"https:\/\/jdnd.mood.asso.fr\/equipe\/wp-json\/wp\/v2\/comments?post=94"}],"version-history":[{"count":13,"href":"https:\/\/jdnd.mood.asso.fr\/equipe\/wp-json\/wp\/v2\/pages\/94\/revisions"}],"predecessor-version":[{"id":959,"href":"https:\/\/jdnd.mood.asso.fr\/equipe\/wp-json\/wp\/v2\/pages\/94\/revisions\/959"}],"wp:attachment":[{"href":"https:\/\/jdnd.mood.asso.fr\/equipe\/wp-json\/wp\/v2\/media?parent=94"}],"curies":[{"name":"wp","href":"https:\/\/api.w.org\/{rel}","templated":true}]}}

<p class="has-background" style="background-color:#cee06c"><strong>&#x26a0;&#xfe0f; Attention, les informations ci-dessous concernent l&rsquo;édition 2022</strong>.</p>



<h4 class="wp-block-heading">Mission handicap CCAS de Dijon</h4>



<p><strong>Marie-Hélène Remigius<br></strong><a rel="noreferrer noopener" href="mailto:mhremigius@ccas-dijon.fr" target="_blank">mhremigius@ccas-dijon.fr</a></p>



<p><strong>Sylvie Beuchot</strong><br><a rel="noreferrer noopener" href="mailto:sbeuchot@ccas-dijon.fr" target="_blank">sbeuchot@ccas-dijon.fr</a></p>



<p><strong>Christine Masson</strong><br><a rel="noreferrer noopener" href="mailto:cmasson@ccas-dijon.fr" target="_blank">cmasson@ccas-dijon.fr</a></p>



<hr class="wp-block-separator has-css-opacity"/>



<h4 class="wp-block-heading">Prestataire de communication</h4>



<p><strong>Stéphane Hanquet</strong> (stefhan)<strong><br></strong><a href="mailto:shanquet@gmail.com">shanquet@gmail.com</a></p>



<p>Semeia Creative<br><a href="https://www.semeia-creative.com" data-type="URL" data-id="https://www.semeia-creative.com" target="_blank" rel="noreferrer noopener">www.semeia-creative.com</a></p>



<hr class="wp-block-separator has-css-opacity"/>



<h4 class="wp-block-heading">Mentions légales</h4>



<p>Mentions légales &amp; Crédits de la Ville de Dijon :<br><a rel="noreferrer noopener" aria-label="https://www.dijon.fr/Mentions-legales-Credits (s’ouvre dans un nouvel onglet)" href="https://www.dijon.fr/Mentions-legales-Credits" target="_blank">https://www.dijon.fr/Mentions-legales-Credits</a></p>



<p>Des cookies sont déposés pour assurer le bon fonctionnement du site internet, notamment pour les sessions de connexions au site.</p>

<p>&#x26a0;&#xfe0f; Attention, les informations ci-dessous concernent l&rsquo;édition 2022. Mission handicap CCAS de Dijon Marie-Hélène Remigiusmhremigius@ccas-dijon.fr Sylvie Beuchotsbeuchot@ccas-dijon.fr Christine Massoncmasson@ccas-dijon.fr Prestataire de communication Stéphane Hanquet (stefhan)shanquet@gmail.com Semeia Creativewww.semeia-creative.com Mentions légales Mentions légales &amp; Crédits de la Ville de Dijon :https://www.dijon.fr/Mentions-legales-Credits Des cookies sont déposés pour assurer le bon fonctionnement du site internet, notamment pour les sessions [&hellip;]</p>

&#x26a0;&#xfe0f; Attention, les informations ci-dessous concernent l&rsquo;édition 2022. Mission handicap CCAS de Dijon Marie-Hélène Remigiusmhremigius@ccas-dijon.fr Sylvie Beuchotsbeuchot@ccas-dijon.fr Christine Massoncmasson@ccas-dijon.fr Prestataire de communication Stéphane Hanquet (stefhan)shanquet@gmail.com Semeia Creativewww.semeia-creative.com Mentions légales Mentions légales &amp; Crédits de la Ville de Dijon :https://www.dijon.fr/Mentions-legales-Credits Des cookies sont déposés pour assurer le bon fonctionnement du site internet, notamment pour les sessions…
