{"id":92,"date":"2019-01-08T17:36:50","date_gmt":"2019-01-08T16:36:50","guid":{"rendered":"https:\/\/jdnd.mood.asso.fr\/equipe\/?page_id=92"},"modified":"2022-02-08T19:08:12","modified_gmt":"2022-02-08T18:08:12","slug":"roadmap-2021","status":"publish","type":"page","link":"https:\/\/jdnd.mood.asso.fr\/equipe\/old\/jdnd2021\/roadmap-2021\/","title":{"rendered":"Feuille de route 2021"},"content":{"rendered":"\n<div class=\"wp-block-group has-tertiary-background-color has-background\"><div class=\"wp-block-group__inner-container is-layout-flow wp-block-group-is-layout-flow\">\n<p>Comment \u00e7a se passe cette ann\u00e9e particuli\u00e8re ?<\/p>\n\n\n\n<p>Nous vous proposons cette feuille de route afin de suivre l&rsquo;\u00e9volution du projet : de la pr\u00e9paration, du lancement et du suivi de l&rsquo;\u00e9v\u00e9nement.<\/p>\n\n\n\n<p><strong>Revenez r\u00e9guli\u00e8rement sur le site !<\/strong><\/p>\n<\/div><\/div>\n\n\n\n<h4 class=\"wp-block-heading\" id=\"fevrier\">F\u00e9vrier<\/h4>\n\n\n\n<ul class=\"wp-block-list\"><li>Changement cette ann\u00e9e : <a href=\"https:\/\/jdnd.mood.asso.fr\/equipe\/2021\/02\/08\/edition-2021-reportee\/\" data-type=\"post\" data-id=\"421\">JDND en ligne !<\/a><\/li><\/ul>\n\n\n\n<h4 class=\"wp-block-heading\" id=\"mars\">Mars<\/h4>\n\n\n\n<ul class=\"wp-block-list\"><li>Captation vid\u00e9os (<a href=\"https:\/\/jdnd.mood.asso.fr\/equipe\/communication\/videos-animations\/\" data-type=\"page\" data-id=\"456\">voici comment \u00e7a se passe<\/a>).<\/li><\/ul>\n\n\n\n<h4 class=\"wp-block-heading\" id=\"avril\">Avril<\/h4>\n\n\n\n<ul class=\"wp-block-list\"><li>Captation vid\u00e9os (fin des tournages 9 avril).<\/li><\/ul>\n\n\n\n<h4 class=\"wp-block-heading\" id=\"mai\">Mai<\/h4>\n\n\n\n<ul class=\"wp-block-list\"><li>Montages des vid\u00e9os.<\/li><li>Post-production : sous-titrages, inscrustation LSF, audiodescription.<\/li><li>Mises en ligne et test grandeur nature avec tous les partenaires.<\/li><li>Finalisations et derni\u00e8res corrections suite \u00e0 vos retours.<\/li><\/ul>\n\n\n\n<h4 class=\"wp-block-heading\" id=\"jour-j-samedi-29-mai-a-9h\">Jour J : Samedi 29 mai \u00e0 9h<\/h4>\n\n\n\n<ul class=\"wp-block-list\"><li>Ouverture officielle du site internet \u00e0 9h !<\/li><\/ul>\n\n\n\n<h4 class=\"wp-block-heading\" id=\"juin\">Juin<\/h4>\n\n\n\n<ul class=\"wp-block-list\"><li>Pour faire vivre le site, lancement d&rsquo;une s\u00e9rie quotidienne : \u00ab\u00a0<a href=\"https:\/\/jdnd.mood.asso.fr\/equipe\/2021\/05\/31\/faire-vivre-le-site\/\" data-type=\"post\" data-id=\"705\">La vid\u00e9o du jour<\/a><span style=\"color: var(--go--color--text); font-family: var(--go--font-family); font-size: var(--go--font-size); letter-spacing: var(--go--letter-spacing,normal); background-color: var(--go--color--background,0,0,100%);\">\u00ab\u00a0.<\/span><\/li><\/ul>\n","protected":false},"excerpt":{"rendered":"<p>Comment \u00e7a se passe cette ann\u00e9e particuli\u00e8re ? Nous vous proposons cette feuille de route afin de suivre l&rsquo;\u00e9volution du projet : de la pr\u00e9paration, du lancement et du suivi de l&rsquo;\u00e9v\u00e9nement. Revenez r\u00e9guli\u00e8rement sur le site ! F\u00e9vrier Changement cette ann\u00e9e : JDND en ligne ! Mars Captation vid\u00e9os (voici comment \u00e7a se passe). [&hellip;]<\/p>\n","protected":false},"author":1,"featured_media":0,"parent":841,"menu_order":0,"comment_status":"closed","ping_status":"closed","template":"","meta":{"_uag_custom_page_level_css":"","hide_page_title":"","footnotes":""},"class_list":["post-92","page","type-page","status-publish","hentry"],"uagb_featured_image_src":{"full":false,"thumbnail":false,"medium":false,"medium_large":false,"large":false,"1536x1536":false,"2048x2048":false},"uagb_author_info":{"display_name":"stefhan","author_link":"https:\/\/jdnd.mood.asso.fr\/equipe\/author\/stefhan\/"},"uagb_comment_info":0,"uagb_excerpt":"Comment \u00e7a se passe cette ann\u00e9e particuli\u00e8re ? Nous vous proposons cette feuille de route afin de suivre l&rsquo;\u00e9volution du projet : de la pr\u00e9paration, du lancement et du suivi de l&rsquo;\u00e9v\u00e9nement. Revenez r\u00e9guli\u00e8rement sur le site ! F\u00e9vrier Changement cette ann\u00e9e : JDND en ligne ! Mars Captation vid\u00e9os (voici comment \u00e7a se passe).\u2026","_links":{"self":[{"href":"https:\/\/jdnd.mood.asso.fr\/equipe\/wp-json\/wp\/v2\/pages\/92","targetHints":{"allow":["GET"]}}],"collection":[{"href":"https:\/\/jdnd.mood.asso.fr\/equipe\/wp-json\/wp\/v2\/pages"}],"about":[{"href":"https:\/\/jdnd.mood.asso.fr\/equipe\/wp-json\/wp\/v2\/types\/page"}],"author":[{"embeddable":true,"href":"https:\/\/jdnd.mood.asso.fr\/equipe\/wp-json\/wp\/v2\/users\/1"}],"replies":[{"embeddable":true,"href":"https:\/\/jdnd.mood.asso.fr\/equipe\/wp-json\/wp\/v2\/comments?post=92"}],"version-history":[{"count":26,"href":"https:\/\/jdnd.mood.asso.fr\/equipe\/wp-json\/wp\/v2\/pages\/92\/revisions"}],"predecessor-version":[{"id":836,"href":"https:\/\/jdnd.mood.asso.fr\/equipe\/wp-json\/wp\/v2\/pages\/92\/revisions\/836"}],"up":[{"embeddable":true,"href":"https:\/\/jdnd.mood.asso.fr\/equipe\/wp-json\/wp\/v2\/pages\/841"}],"wp:attachment":[{"href":"https:\/\/jdnd.mood.asso.fr\/equipe\/wp-json\/wp\/v2\/media?parent=92"}],"curies":[{"name":"wp","href":"https:\/\/api.w.org\/{rel}","templated":true}]}}