{"id":853,"date":"2022-02-10T10:28:15","date_gmt":"2022-02-10T09:28:15","guid":{"rendered":"https:\/\/jdnd.mood.asso.fr\/equipe\/?page_id=853"},"modified":"2022-02-10T10:30:12","modified_gmt":"2022-02-10T09:30:12","slug":"facebook","status":"publish","type":"page","link":"https:\/\/jdnd.mood.asso.fr\/equipe\/accueil\/communication\/facebook\/","title":{"rendered":"Facebook"},"content":{"rendered":"\n<p><em>L&rsquo;\u00e9v\u00e9nement pour l&rsquo;\u00e9dition en ligne 2022 a \u00e9t\u00e9 cr\u00e9\u00e9 !<\/em><\/p>\n\n\n\n<p>Faites attention \u00e0 <strong><span class=\"has-inline-color has-vivid-red-color\">ne pas cr\u00e9er d&rsquo;\u00e9v\u00e9nement<\/span><\/strong> dans votre page ou compte qui ferait doublon \u00e0 la publication officielle.<\/p>\n\n\n\n<p>Privil\u00e9giez et partagez donc la publication originale pour plus d&rsquo;impact :<\/p>\n\n\n\n<p class=\"has-text-align-center\"> <a href=\"https:\/\/www.facebook.com\/events\/477892280629098\" data-type=\"URL\" data-id=\"https:\/\/www.facebook.com\/events\/477892280629098\" target=\"_blank\" rel=\"noreferrer noopener\">facebook.com\/events\/477892280629098<\/a><\/p>\n\n\n\n<p>Pour \u00eatre affich\u00e9s dans les <strong>co-organisateurs, il faut accepter l&rsquo;invitation sur Facebook<\/strong> pour que l&rsquo;\u00e9v\u00e9nement apparaisse automatiquement dans votre page (rubrique \u00ab\u00a0\u00c9v\u00e9nements \u00e0 venir\u00a0\u00bb).<\/p>\n\n\n\n<figure class=\"wp-block-image size-large is-resized\"><img loading=\"lazy\" decoding=\"async\" src=\"https:\/\/jdnd.mood.asso.fr\/equipe\/wp-content\/uploads\/jdnd2022-facebook-coorganisateurs-220210-506x1024.png\" alt=\"\" class=\"wp-image-857\" width=\"253\" height=\"512\" srcset=\"https:\/\/jdnd.mood.asso.fr\/equipe\/wp-content\/uploads\/jdnd2022-facebook-coorganisateurs-220210-506x1024.png 506w, https:\/\/jdnd.mood.asso.fr\/equipe\/wp-content\/uploads\/jdnd2022-facebook-coorganisateurs-220210-148x300.png 148w, https:\/\/jdnd.mood.asso.fr\/equipe\/wp-content\/uploads\/jdnd2022-facebook-coorganisateurs-220210.png 700w\" sizes=\"auto, (max-width: 253px) 100vw, 253px\" \/><\/figure>\n","protected":false},"excerpt":{"rendered":"<p>L&rsquo;\u00e9v\u00e9nement pour l&rsquo;\u00e9dition en ligne 2022 a \u00e9t\u00e9 cr\u00e9\u00e9 ! Faites attention \u00e0 ne pas cr\u00e9er d&rsquo;\u00e9v\u00e9nement dans votre page ou compte qui ferait doublon \u00e0 la publication officielle. Privil\u00e9giez et partagez donc la publication originale pour plus d&rsquo;impact : facebook.com\/events\/477892280629098 Pour \u00eatre affich\u00e9s dans les co-organisateurs, il faut accepter l&rsquo;invitation sur Facebook pour que [&hellip;]<\/p>\n","protected":false},"author":1,"featured_media":0,"parent":10,"menu_order":0,"comment_status":"closed","ping_status":"closed","template":"","meta":{"_uag_custom_page_level_css":"","hide_page_title":"","footnotes":""},"class_list":["post-853","page","type-page","status-publish","hentry"],"uagb_featured_image_src":{"full":false,"thumbnail":false,"medium":false,"medium_large":false,"large":false,"1536x1536":false,"2048x2048":false},"uagb_author_info":{"display_name":"stefhan","author_link":"https:\/\/jdnd.mood.asso.fr\/equipe\/author\/stefhan\/"},"uagb_comment_info":0,"uagb_excerpt":"L&rsquo;\u00e9v\u00e9nement pour l&rsquo;\u00e9dition en ligne 2022 a \u00e9t\u00e9 cr\u00e9\u00e9 ! Faites attention \u00e0 ne pas cr\u00e9er d&rsquo;\u00e9v\u00e9nement dans votre page ou compte qui ferait doublon \u00e0 la publication officielle. Privil\u00e9giez et partagez donc la publication originale pour plus d&rsquo;impact : facebook.com\/events\/477892280629098 Pour \u00eatre affich\u00e9s dans les co-organisateurs, il faut accepter l&rsquo;invitation sur Facebook pour que\u2026","_links":{"self":[{"href":"https:\/\/jdnd.mood.asso.fr\/equipe\/wp-json\/wp\/v2\/pages\/853","targetHints":{"allow":["GET"]}}],"collection":[{"href":"https:\/\/jdnd.mood.asso.fr\/equipe\/wp-json\/wp\/v2\/pages"}],"about":[{"href":"https:\/\/jdnd.mood.asso.fr\/equipe\/wp-json\/wp\/v2\/types\/page"}],"author":[{"embeddable":true,"href":"https:\/\/jdnd.mood.asso.fr\/equipe\/wp-json\/wp\/v2\/users\/1"}],"replies":[{"embeddable":true,"href":"https:\/\/jdnd.mood.asso.fr\/equipe\/wp-json\/wp\/v2\/comments?post=853"}],"version-history":[{"count":2,"href":"https:\/\/jdnd.mood.asso.fr\/equipe\/wp-json\/wp\/v2\/pages\/853\/revisions"}],"predecessor-version":[{"id":858,"href":"https:\/\/jdnd.mood.asso.fr\/equipe\/wp-json\/wp\/v2\/pages\/853\/revisions\/858"}],"up":[{"embeddable":true,"href":"https:\/\/jdnd.mood.asso.fr\/equipe\/wp-json\/wp\/v2\/pages\/10"}],"wp:attachment":[{"href":"https:\/\/jdnd.mood.asso.fr\/equipe\/wp-json\/wp\/v2\/media?parent=853"}],"curies":[{"name":"wp","href":"https:\/\/api.w.org\/{rel}","templated":true}]}}

<p><em>L&rsquo;événement pour l&rsquo;édition en ligne 2022 a été créé !</em></p>



<p>Faites attention à <strong><span class="has-inline-color has-vivid-red-color">ne pas créer d&rsquo;événement</span></strong> dans votre page ou compte qui ferait doublon à la publication officielle.</p>



<p>Privilégiez et partagez donc la publication originale pour plus d&rsquo;impact :</p>



<p class="has-text-align-center"> <a href="https://www.facebook.com/events/477892280629098" data-type="URL" data-id="https://www.facebook.com/events/477892280629098" target="_blank" rel="noreferrer noopener">facebook.com/events/477892280629098</a></p>



<p>Pour être affichés dans les <strong>co-organisateurs, il faut accepter l&rsquo;invitation sur Facebook</strong> pour que l&rsquo;événement apparaisse automatiquement dans votre page (rubrique « Événements à venir »).</p>



<figure class="wp-block-image size-large is-resized"><img loading="lazy" decoding="async" src="https://jdnd.mood.asso.fr/equipe/wp-content/uploads/jdnd2022-facebook-coorganisateurs-220210-506x1024.png" alt="" class="wp-image-857" width="253" height="512" srcset="https://jdnd.mood.asso.fr/equipe/wp-content/uploads/jdnd2022-facebook-coorganisateurs-220210-506x1024.png 506w, https://jdnd.mood.asso.fr/equipe/wp-content/uploads/jdnd2022-facebook-coorganisateurs-220210-148x300.png 148w, https://jdnd.mood.asso.fr/equipe/wp-content/uploads/jdnd2022-facebook-coorganisateurs-220210.png 700w" sizes="auto, (max-width: 253px) 100vw, 253px" /></figure>

<p>L&rsquo;événement pour l&rsquo;édition en ligne 2022 a été créé ! Faites attention à ne pas créer d&rsquo;événement dans votre page ou compte qui ferait doublon à la publication officielle. Privilégiez et partagez donc la publication originale pour plus d&rsquo;impact : facebook.com/events/477892280629098 Pour être affichés dans les co-organisateurs, il faut accepter l&rsquo;invitation sur Facebook pour que [&hellip;]</p>

L&rsquo;événement pour l&rsquo;édition en ligne 2022 a été créé ! Faites attention à ne pas créer d&rsquo;événement dans votre page ou compte qui ferait doublon à la publication officielle. Privilégiez et partagez donc la publication originale pour plus d&rsquo;impact : facebook.com/events/477892280629098 Pour être affichés dans les co-organisateurs, il faut accepter l&rsquo;invitation sur Facebook pour que…
