{"id":538,"date":"2021-04-06T19:05:08","date_gmt":"2021-04-06T17:05:08","guid":{"rendered":"https:\/\/jdnd.mood.asso.fr\/equipe\/?page_id=538"},"modified":"2021-05-10T17:45:28","modified_gmt":"2021-05-10T15:45:28","slug":"premontages","status":"publish","type":"page","link":"https:\/\/jdnd.mood.asso.fr\/equipe\/accueil\/communication\/videos-animations\/premontages\/","title":{"rendered":"Pr\u00e9montages"},"content":{"rendered":"\n<p>Alain de France AVC 21 :<\/p>\n\n\n\n<figure class=\"wp-block-embed is-type-video is-provider-vimeo wp-block-embed-vimeo wp-embed-aspect-16-9 wp-has-aspect-ratio\"><div class=\"wp-block-embed__wrapper\">\n<iframe loading=\"lazy\" title=\"JDND 2021 \u2014 France AVC avec Alain\" src=\"https:\/\/player.vimeo.com\/video\/547546017?dnt=1&amp;app_id=122963\" width=\"660\" height=\"371\" frameborder=\"0\" allow=\"autoplay; fullscreen; picture-in-picture; clipboard-write; encrypted-media\"><\/iframe>\n<\/div><\/figure>\n\n\n\n<p>Brigitte de la Biblioth\u00e8que municipale du Port du Canal :<\/p>\n\n\n\n<figure class=\"wp-block-embed is-type-video is-provider-vimeo wp-block-embed-vimeo wp-embed-aspect-16-9 wp-has-aspect-ratio\"><div class=\"wp-block-embed__wrapper\">\n<iframe loading=\"lazy\" title=\"JDND 2021 \u2014 Biblioth\u00e8que Port du Canal avec Brigitte\" src=\"https:\/\/player.vimeo.com\/video\/543261241?dnt=1&amp;app_id=122963\" width=\"660\" height=\"371\" frameborder=\"0\" allow=\"autoplay; fullscreen; picture-in-picture; clipboard-write; encrypted-media\"><\/iframe>\n<\/div><\/figure>\n\n\n\n<p>B\u00e9rang\u00e8re de l&rsquo;ADAPT :<\/p>\n\n\n\n<figure class=\"wp-block-embed is-type-video is-provider-vimeo wp-block-embed-vimeo wp-embed-aspect-16-9 wp-has-aspect-ratio\"><div class=\"wp-block-embed__wrapper\">\n<iframe loading=\"lazy\" title=\"JDND 2021 \u2014 LADAPT avec B\u00e9rang\u00e8re\" src=\"https:\/\/player.vimeo.com\/video\/543260756?dnt=1&amp;app_id=122963\" width=\"660\" height=\"371\" frameborder=\"0\" allow=\"autoplay; fullscreen; picture-in-picture; clipboard-write; encrypted-media\"><\/iframe>\n<\/div><\/figure>\n\n\n\n<p>Jean-Claude, Dominique et Andr\u00e9 de Voir Ensemble :<\/p>\n\n\n\n<figure class=\"wp-block-embed is-type-video is-provider-vimeo wp-block-embed-vimeo wp-embed-aspect-16-9 wp-has-aspect-ratio\"><div class=\"wp-block-embed__wrapper\">\n<iframe loading=\"lazy\" title=\"JDND 2021 \u2014 Voir ensemble avec Jean-Claude, Dominique et Andr\u00e9\" src=\"https:\/\/player.vimeo.com\/video\/538793519?dnt=1&amp;app_id=122963\" width=\"660\" height=\"371\" frameborder=\"0\" allow=\"autoplay; fullscreen; picture-in-picture; clipboard-write; encrypted-media\"><\/iframe>\n<\/div><\/figure>\n\n\n\n<p>Sophie de Pluradys :<\/p>\n\n\n\n<figure class=\"wp-block-embed is-type-video is-provider-vimeo wp-block-embed-vimeo wp-embed-aspect-16-9 wp-has-aspect-ratio\"><div class=\"wp-block-embed__wrapper\">\n<iframe loading=\"lazy\" title=\"JDND 2021 \u2014 Pluradys avec Sophie\" src=\"https:\/\/player.vimeo.com\/video\/534535502?dnt=1&amp;app_id=122963\" width=\"660\" height=\"371\" frameborder=\"0\" allow=\"autoplay; fullscreen; picture-in-picture; clipboard-write; encrypted-media\"><\/iframe>\n<\/div><\/figure>\n\n\n\n<p>Laurence de Demain le Soleil :<\/p>\n\n\n\n<figure class=\"wp-block-embed is-type-video is-provider-vimeo wp-block-embed-vimeo wp-embed-aspect-16-9 wp-has-aspect-ratio\"><div class=\"wp-block-embed__wrapper\">\n<iframe loading=\"lazy\" title=\"JDND 2021 \u2014 Demain Le Soleil avec Laurence\" src=\"https:\/\/player.vimeo.com\/video\/533627462?dnt=1&amp;app_id=122963\" width=\"660\" height=\"371\" frameborder=\"0\" allow=\"autoplay; fullscreen; picture-in-picture; clipboard-write; encrypted-media\"><\/iframe>\n<\/div><\/figure>\n\n\n\n<p>Christophe, Laure et Perrine de APF France handicap :<\/p>\n\n\n\n<figure class=\"wp-block-embed is-type-video is-provider-vimeo wp-block-embed-vimeo wp-embed-aspect-16-9 wp-has-aspect-ratio\"><div class=\"wp-block-embed__wrapper\">\n<iframe loading=\"lazy\" title=\"JDND 2021 \u2014 APF France handicap avec Laure et Christophe\" src=\"https:\/\/player.vimeo.com\/video\/534887750?dnt=1&amp;app_id=122963\" width=\"660\" height=\"371\" frameborder=\"0\" allow=\"autoplay; fullscreen; picture-in-picture; clipboard-write; encrypted-media\"><\/iframe>\n<\/div><\/figure>\n\n\n\n<p><em>A suivre&#8230;<\/em><\/p>\n","protected":false},"excerpt":{"rendered":"<p>Alain de France AVC 21 : Brigitte de la Biblioth\u00e8que municipale du Port du Canal : B\u00e9rang\u00e8re de l&rsquo;ADAPT : Jean-Claude, Dominique et Andr\u00e9 de Voir Ensemble : Sophie de Pluradys : Laurence de Demain le Soleil : Christophe, Laure et Perrine de APF France handicap : A suivre&#8230;<\/p>\n","protected":false},"author":1,"featured_media":0,"parent":456,"menu_order":0,"comment_status":"closed","ping_status":"closed","template":"","meta":{"_uag_custom_page_level_css":"","hide_page_title":"","footnotes":""},"class_list":["post-538","page","type-page","status-publish","hentry"],"uagb_featured_image_src":{"full":false,"thumbnail":false,"medium":false,"medium_large":false,"large":false,"1536x1536":false,"2048x2048":false},"uagb_author_info":{"display_name":"stefhan","author_link":"https:\/\/jdnd.mood.asso.fr\/equipe\/author\/stefhan\/"},"uagb_comment_info":0,"uagb_excerpt":"Alain de France AVC 21 : Brigitte de la Biblioth\u00e8que municipale du Port du Canal : B\u00e9rang\u00e8re de l&rsquo;ADAPT : Jean-Claude, Dominique et Andr\u00e9 de Voir Ensemble : Sophie de Pluradys : Laurence de Demain le Soleil : Christophe, Laure et Perrine de APF France handicap : A suivre&#8230;","_links":{"self":[{"href":"https:\/\/jdnd.mood.asso.fr\/equipe\/wp-json\/wp\/v2\/pages\/538","targetHints":{"allow":["GET"]}}],"collection":[{"href":"https:\/\/jdnd.mood.asso.fr\/equipe\/wp-json\/wp\/v2\/pages"}],"about":[{"href":"https:\/\/jdnd.mood.asso.fr\/equipe\/wp-json\/wp\/v2\/types\/page"}],"author":[{"embeddable":true,"href":"https:\/\/jdnd.mood.asso.fr\/equipe\/wp-json\/wp\/v2\/users\/1"}],"replies":[{"embeddable":true,"href":"https:\/\/jdnd.mood.asso.fr\/equipe\/wp-json\/wp\/v2\/comments?post=538"}],"version-history":[{"count":16,"href":"https:\/\/jdnd.mood.asso.fr\/equipe\/wp-json\/wp\/v2\/pages\/538\/revisions"}],"predecessor-version":[{"id":571,"href":"https:\/\/jdnd.mood.asso.fr\/equipe\/wp-json\/wp\/v2\/pages\/538\/revisions\/571"}],"up":[{"embeddable":true,"href":"https:\/\/jdnd.mood.asso.fr\/equipe\/wp-json\/wp\/v2\/pages\/456"}],"wp:attachment":[{"href":"https:\/\/jdnd.mood.asso.fr\/equipe\/wp-json\/wp\/v2\/media?parent=538"}],"curies":[{"name":"wp","href":"https:\/\/api.w.org\/{rel}","templated":true}]}}

Prémontages

<p>Alain de France AVC 21 :</p>



<figure class="wp-block-embed is-type-video is-provider-vimeo wp-block-embed-vimeo wp-embed-aspect-16-9 wp-has-aspect-ratio"><div class="wp-block-embed__wrapper">
<iframe loading="lazy" title="JDND 2021 — France AVC avec Alain" src="https://player.vimeo.com/video/547546017?dnt=1&amp;app_id=122963" width="660" height="371" frameborder="0" allow="autoplay; fullscreen; picture-in-picture; clipboard-write; encrypted-media"></iframe>
</div></figure>



<p>Brigitte de la Bibliothèque municipale du Port du Canal :</p>



<figure class="wp-block-embed is-type-video is-provider-vimeo wp-block-embed-vimeo wp-embed-aspect-16-9 wp-has-aspect-ratio"><div class="wp-block-embed__wrapper">
<iframe loading="lazy" title="JDND 2021 — Bibliothèque Port du Canal avec Brigitte" src="https://player.vimeo.com/video/543261241?dnt=1&amp;app_id=122963" width="660" height="371" frameborder="0" allow="autoplay; fullscreen; picture-in-picture; clipboard-write; encrypted-media"></iframe>
</div></figure>



<p>Bérangère de l&rsquo;ADAPT :</p>



<figure class="wp-block-embed is-type-video is-provider-vimeo wp-block-embed-vimeo wp-embed-aspect-16-9 wp-has-aspect-ratio"><div class="wp-block-embed__wrapper">
<iframe loading="lazy" title="JDND 2021 — LADAPT avec Bérangère" src="https://player.vimeo.com/video/543260756?dnt=1&amp;app_id=122963" width="660" height="371" frameborder="0" allow="autoplay; fullscreen; picture-in-picture; clipboard-write; encrypted-media"></iframe>
</div></figure>



<p>Jean-Claude, Dominique et André de Voir Ensemble :</p>



<figure class="wp-block-embed is-type-video is-provider-vimeo wp-block-embed-vimeo wp-embed-aspect-16-9 wp-has-aspect-ratio"><div class="wp-block-embed__wrapper">
<iframe loading="lazy" title="JDND 2021 — Voir ensemble avec Jean-Claude, Dominique et André" src="https://player.vimeo.com/video/538793519?dnt=1&amp;app_id=122963" width="660" height="371" frameborder="0" allow="autoplay; fullscreen; picture-in-picture; clipboard-write; encrypted-media"></iframe>
</div></figure>



<p>Sophie de Pluradys :</p>



<figure class="wp-block-embed is-type-video is-provider-vimeo wp-block-embed-vimeo wp-embed-aspect-16-9 wp-has-aspect-ratio"><div class="wp-block-embed__wrapper">
<iframe loading="lazy" title="JDND 2021 — Pluradys avec Sophie" src="https://player.vimeo.com/video/534535502?dnt=1&amp;app_id=122963" width="660" height="371" frameborder="0" allow="autoplay; fullscreen; picture-in-picture; clipboard-write; encrypted-media"></iframe>
</div></figure>



<p>Laurence de Demain le Soleil :</p>



<figure class="wp-block-embed is-type-video is-provider-vimeo wp-block-embed-vimeo wp-embed-aspect-16-9 wp-has-aspect-ratio"><div class="wp-block-embed__wrapper">
<iframe loading="lazy" title="JDND 2021 — Demain Le Soleil avec Laurence" src="https://player.vimeo.com/video/533627462?dnt=1&amp;app_id=122963" width="660" height="371" frameborder="0" allow="autoplay; fullscreen; picture-in-picture; clipboard-write; encrypted-media"></iframe>
</div></figure>



<p>Christophe, Laure et Perrine de APF France handicap :</p>



<figure class="wp-block-embed is-type-video is-provider-vimeo wp-block-embed-vimeo wp-embed-aspect-16-9 wp-has-aspect-ratio"><div class="wp-block-embed__wrapper">
<iframe loading="lazy" title="JDND 2021 — APF France handicap avec Laure et Christophe" src="https://player.vimeo.com/video/534887750?dnt=1&amp;app_id=122963" width="660" height="371" frameborder="0" allow="autoplay; fullscreen; picture-in-picture; clipboard-write; encrypted-media"></iframe>
</div></figure>



<p><em>A suivre&#8230;</em></p>

<p>Alain de France AVC 21 : Brigitte de la Bibliothèque municipale du Port du Canal : Bérangère de l&rsquo;ADAPT : Jean-Claude, Dominique et André de Voir Ensemble : Sophie de Pluradys : Laurence de Demain le Soleil : Christophe, Laure et Perrine de APF France handicap : A suivre&#8230;</p>

Alain de France AVC 21 : Brigitte de la Bibliothèque municipale du Port du Canal : Bérangère de l&rsquo;ADAPT : Jean-Claude, Dominique et André de Voir Ensemble : Sophie de Pluradys : Laurence de Demain le Soleil : Christophe, Laure et Perrine de APF France handicap : A suivre&#8230;
