{"id":471,"date":"2021-03-08T16:52:00","date_gmt":"2021-03-08T15:52:00","guid":{"rendered":"https:\/\/jdnd.mood.asso.fr\/equipe\/?page_id=471"},"modified":"2021-05-31T14:58:38","modified_gmt":"2021-05-31T12:58:38","slug":"presse-temoignages","status":"publish","type":"page","link":"https:\/\/jdnd.mood.asso.fr\/equipe\/accueil\/communication\/presse-temoignages\/","title":{"rendered":"Presse &#038; T\u00e9moignages"},"content":{"rendered":"\n<h2 class=\"wp-block-heading\">Presse<\/h2>\n\n\n\n<h3 class=\"wp-block-heading\">2021<\/h3>\n\n\n\n<ul class=\"wp-block-list\"><li><em>Avez-vous des articles de presse ?<\/em><\/li><\/ul>\n\n\n\n<h3 class=\"wp-block-heading\">2019<\/h3>\n\n\n\n<ul class=\"wp-block-list\"><li><a rel=\"noreferrer noopener\" aria-label=\" (s\u2019ouvre dans un nouvel onglet)\" href=\"http:\/\/www.infos-dijon.com\/news\/dijon\/dijon\/dijon-une-journee-pour-partager-les-differences-et-mieux-comprendre-les-handicaps.html\" target=\"_blank\">Une journ\u00e9e pour partager les diff\u00e9rences et mieux comprendre les handicaps<\/a> &#8211; Alix Berthier &#8211; Infos Dijon &#8211; 15\/05\/2019 [<a rel=\"noreferrer noopener\" aria-label=\" (s\u2019ouvre dans un nouvel onglet)\" href=\"https:\/\/jdnd.mood.asso.fr\/equipe\/wp-content\/uploads\/190518-InfosDijon-ConferencePresseJDND.pdf\" target=\"_blank\">PDF<\/a>]<\/li><li><a rel=\"noreferrer noopener\" aria-label=\"Succ\u00e8s pour la journ\u00e9e \u00ab Jouons de nos diff\u00e9rences \u00bb (s\u2019ouvre dans un nouvel onglet)\" href=\"http:\/\/www.infos-dijon.com\/news\/dijon\/dijon\/en-images-succes-pour-la-journee-jouons-de-nos-differences.html\" target=\"_blank\">Succ\u00e8s pour la journ\u00e9e \u00ab Jouons de nos diff\u00e9rences \u00bb<\/a> &#8211; Alix Berthier &#8211; Infos Dijon &#8211; 18\/05\/2019 [<a rel=\"noreferrer noopener\" aria-label=\"PDF (s\u2019ouvre dans un nouvel onglet)\" href=\"https:\/\/jdnd.mood.asso.fr\/equipe\/wp-content\/uploads\/190518-InfosDijon-SuccesJDND.pdf\" target=\"_blank\">PDF<\/a>]<\/li><li><a rel=\"noreferrer noopener\" aria-label=\"https:\/\/www.bienpublic.com\/edition-dijon-ville\/2019\/05\/19\/dijon-la-14e-edition-de-jouons-de-nos-differences-en-images (s\u2019ouvre dans un nouvel onglet)\" href=\"https:\/\/www.bienpublic.com\/edition-dijon-ville\/2019\/05\/19\/dijon-la-14e-edition-de-jouons-de-nos-differences-en-images\" target=\"_blank\">Dijon : la 14e \u00e9dition de \u00ab\u00a0Jouons de nos diff\u00e9rences\u00a0\u00bb en images<\/a> &#8211; Bien public &#8211; Mohamed Zgou (CLP) &#8211; 20\/05\/2019 [<a href=\"https:\/\/jdnd.mood.asso.fr\/equipe\/wp-content\/uploads\/190519-BienPublic-ImagesJDND.pdf\" target=\"_blank\" rel=\"noreferrer noopener\" aria-label=\"PDF (s\u2019ouvre dans un nouvel onglet)\">PDF<\/a>]<\/li><\/ul>\n\n\n\n<hr class=\"wp-block-separator is-style-wide\"\/>\n\n\n\n<h2 class=\"wp-block-heading\">T\u00e9moignages<\/h2>\n\n\n\n<div class=\"wp-block-group has-tertiary-background-color has-background\"><div class=\"wp-block-group__inner-container is-layout-flow wp-block-group-is-layout-flow\">\n<p><em>Bonjour,<\/em><\/p>\n\n\n\n<p><em>Nous avons assist\u00e9 \u00e0 votre \u00e9v\u00e8nement ce jour au Parc de la Colombiere et je tenais \u00e0 vous dire combien j&rsquo;ai trouv\u00e9 l&rsquo;\u00e9v\u00e9nement enrichissant.<\/em><\/p>\n\n\n\n<p><em>D\u00e9couvrir ce que d&rsquo;autres peuvent vivre au quotidien, une belle le\u00e7on de vie et de tol\u00e9rance\u2026 Les activit\u00e9s \u00e9taient g\u00e9niales, les animateurs super\u2026 Un vrai r\u00e9gal ! Notre famille en est ressortie enchant\u00e9e, et j&rsquo;avoue que tout cela m&rsquo;a beaucoup \u00e9mue\u2026 Bravo \u00e0 tous ceux qui l&rsquo;ont organis\u00e9 !<\/em><\/p>\n\n\n\n<p><em>\u00c9tant une fervente promotrice de la d\u00e9marche Z\u00e9ro d\u00e9chet, si jamais cette id\u00e9e vous int\u00e9ressait afin de r\u00e9duire les d\u00e9chets li\u00e9s \u00e0 ce genre d&rsquo;\u00e9v\u00e9nement, je reste \u00e0 votre disposition afin d&rsquo;aider \u00e0 la r\u00e9flexion (utilisation d&rsquo;\u00e9co-cup par exemple).<\/em><\/p>\n\n\n\n<p><em>En tous cas encore un grand merci pour cette tres belle journ\u00e9e !<\/em><\/p>\n\n\n\n<p><em>S\u00e9verine<\/em><\/p>\n<\/div><\/div>\n\n\n\n<p class=\"has-text-align-center\">Mail re\u00e7u d&rsquo;une visiteuse, samedi 18 mai 2019 \u00e0 21h30<\/p>\n\n\n\n<h2 class=\"wp-block-heading\">Publications facebook<\/h2>\n\n\n\n<iframe loading=\"lazy\" src=\"https:\/\/www.facebook.com\/plugins\/post.php?href=https%3A%2F%2Fwww.facebook.com%2FVilledeDijon%2Fposts%2F3971864549590347&#038;show_text=true&#038;width=500\" width=\"500\" height=\"797\" style=\"border:none;overflow:hidden\" scrolling=\"no\" frameborder=\"0\" allowfullscreen=\"true\" allow=\"autoplay; clipboard-write; encrypted-media; picture-in-picture; web-share\"><\/iframe>\n\n\n\n<p><\/p>\n","protected":false},"excerpt":{"rendered":"<p>Presse 2021 Avez-vous des articles de presse ? 2019 Une journ\u00e9e pour partager les diff\u00e9rences et mieux comprendre les handicaps &#8211; Alix Berthier &#8211; Infos Dijon &#8211; 15\/05\/2019 [PDF] Succ\u00e8s pour la journ\u00e9e \u00ab Jouons de nos diff\u00e9rences \u00bb &#8211; Alix Berthier &#8211; Infos Dijon &#8211; 18\/05\/2019 [PDF] Dijon : la 14e \u00e9dition de \u00ab\u00a0Jouons [&hellip;]<\/p>\n","protected":false},"author":1,"featured_media":0,"parent":10,"menu_order":0,"comment_status":"closed","ping_status":"closed","template":"","meta":{"_uag_custom_page_level_css":"","hide_page_title":"","footnotes":""},"class_list":["post-471","page","type-page","status-publish","hentry"],"uagb_featured_image_src":{"full":false,"thumbnail":false,"medium":false,"medium_large":false,"large":false,"1536x1536":false,"2048x2048":false},"uagb_author_info":{"display_name":"stefhan","author_link":"https:\/\/jdnd.mood.asso.fr\/equipe\/author\/stefhan\/"},"uagb_comment_info":0,"uagb_excerpt":"Presse 2021 Avez-vous des articles de presse ? 2019 Une journ\u00e9e pour partager les diff\u00e9rences et mieux comprendre les handicaps &#8211; Alix Berthier &#8211; Infos Dijon &#8211; 15\/05\/2019 [PDF] Succ\u00e8s pour la journ\u00e9e \u00ab Jouons de nos diff\u00e9rences \u00bb &#8211; Alix Berthier &#8211; Infos Dijon &#8211; 18\/05\/2019 [PDF] Dijon : la 14e \u00e9dition de \u00ab\u00a0Jouons\u2026","_links":{"self":[{"href":"https:\/\/jdnd.mood.asso.fr\/equipe\/wp-json\/wp\/v2\/pages\/471","targetHints":{"allow":["GET"]}}],"collection":[{"href":"https:\/\/jdnd.mood.asso.fr\/equipe\/wp-json\/wp\/v2\/pages"}],"about":[{"href":"https:\/\/jdnd.mood.asso.fr\/equipe\/wp-json\/wp\/v2\/types\/page"}],"author":[{"embeddable":true,"href":"https:\/\/jdnd.mood.asso.fr\/equipe\/wp-json\/wp\/v2\/users\/1"}],"replies":[{"embeddable":true,"href":"https:\/\/jdnd.mood.asso.fr\/equipe\/wp-json\/wp\/v2\/comments?post=471"}],"version-history":[{"count":10,"href":"https:\/\/jdnd.mood.asso.fr\/equipe\/wp-json\/wp\/v2\/pages\/471\/revisions"}],"predecessor-version":[{"id":671,"href":"https:\/\/jdnd.mood.asso.fr\/equipe\/wp-json\/wp\/v2\/pages\/471\/revisions\/671"}],"up":[{"embeddable":true,"href":"https:\/\/jdnd.mood.asso.fr\/equipe\/wp-json\/wp\/v2\/pages\/10"}],"wp:attachment":[{"href":"https:\/\/jdnd.mood.asso.fr\/equipe\/wp-json\/wp\/v2\/media?parent=471"}],"curies":[{"name":"wp","href":"https:\/\/api.w.org\/{rel}","templated":true}]}}

Presse &#038; Témoignages

<h2 class="wp-block-heading">Presse</h2>



<h3 class="wp-block-heading">2021</h3>



<ul class="wp-block-list"><li><em>Avez-vous des articles de presse ?</em></li></ul>



<h3 class="wp-block-heading">2019</h3>



<ul class="wp-block-list"><li><a rel="noreferrer noopener" aria-label=" (s’ouvre dans un nouvel onglet)" href="http://www.infos-dijon.com/news/dijon/dijon/dijon-une-journee-pour-partager-les-differences-et-mieux-comprendre-les-handicaps.html" target="_blank">Une journée pour partager les différences et mieux comprendre les handicaps</a> &#8211; Alix Berthier &#8211; Infos Dijon &#8211; 15/05/2019 [<a rel="noreferrer noopener" aria-label=" (s’ouvre dans un nouvel onglet)" href="https://jdnd.mood.asso.fr/equipe/wp-content/uploads/190518-InfosDijon-ConferencePresseJDND.pdf" target="_blank">PDF</a>]</li><li><a rel="noreferrer noopener" aria-label="Succès pour la journée « Jouons de nos différences » (s’ouvre dans un nouvel onglet)" href="http://www.infos-dijon.com/news/dijon/dijon/en-images-succes-pour-la-journee-jouons-de-nos-differences.html" target="_blank">Succès pour la journée « Jouons de nos différences »</a> &#8211; Alix Berthier &#8211; Infos Dijon &#8211; 18/05/2019 [<a rel="noreferrer noopener" aria-label="PDF (s’ouvre dans un nouvel onglet)" href="https://jdnd.mood.asso.fr/equipe/wp-content/uploads/190518-InfosDijon-SuccesJDND.pdf" target="_blank">PDF</a>]</li><li><a rel="noreferrer noopener" aria-label="https://www.bienpublic.com/edition-dijon-ville/2019/05/19/dijon-la-14e-edition-de-jouons-de-nos-differences-en-images (s’ouvre dans un nouvel onglet)" href="https://www.bienpublic.com/edition-dijon-ville/2019/05/19/dijon-la-14e-edition-de-jouons-de-nos-differences-en-images" target="_blank">Dijon : la 14e édition de « Jouons de nos différences » en images</a> &#8211; Bien public &#8211; Mohamed Zgou (CLP) &#8211; 20/05/2019 [<a href="https://jdnd.mood.asso.fr/equipe/wp-content/uploads/190519-BienPublic-ImagesJDND.pdf" target="_blank" rel="noreferrer noopener" aria-label="PDF (s’ouvre dans un nouvel onglet)">PDF</a>]</li></ul>



<hr class="wp-block-separator is-style-wide"/>



<h2 class="wp-block-heading">Témoignages</h2>



<div class="wp-block-group has-tertiary-background-color has-background"><div class="wp-block-group__inner-container is-layout-flow wp-block-group-is-layout-flow">
<p><em>Bonjour,</em></p>



<p><em>Nous avons assisté à votre évènement ce jour au Parc de la Colombiere et je tenais à vous dire combien j&rsquo;ai trouvé l&rsquo;événement enrichissant.</em></p>



<p><em>Découvrir ce que d&rsquo;autres peuvent vivre au quotidien, une belle leçon de vie et de tolérance… Les activités étaient géniales, les animateurs super… Un vrai régal ! Notre famille en est ressortie enchantée, et j&rsquo;avoue que tout cela m&rsquo;a beaucoup émue… Bravo à tous ceux qui l&rsquo;ont organisé !</em></p>



<p><em>Étant une fervente promotrice de la démarche Zéro déchet, si jamais cette idée vous intéressait afin de réduire les déchets liés à ce genre d&rsquo;événement, je reste à votre disposition afin d&rsquo;aider à la réflexion (utilisation d&rsquo;éco-cup par exemple).</em></p>



<p><em>En tous cas encore un grand merci pour cette tres belle journée !</em></p>



<p><em>Séverine</em></p>
</div></div>



<p class="has-text-align-center">Mail reçu d&rsquo;une visiteuse, samedi 18 mai 2019 à 21h30</p>



<h2 class="wp-block-heading">Publications facebook</h2>



<iframe loading="lazy" src="https://www.facebook.com/plugins/post.php?href=https%3A%2F%2Fwww.facebook.com%2FVilledeDijon%2Fposts%2F3971864549590347&#038;show_text=true&#038;width=500" width="500" height="797" style="border:none;overflow:hidden" scrolling="no" frameborder="0" allowfullscreen="true" allow="autoplay; clipboard-write; encrypted-media; picture-in-picture; web-share"></iframe>



<p></p>

<p>Presse 2021 Avez-vous des articles de presse ? 2019 Une journée pour partager les différences et mieux comprendre les handicaps &#8211; Alix Berthier &#8211; Infos Dijon &#8211; 15/05/2019 [PDF] Succès pour la journée « Jouons de nos différences » &#8211; Alix Berthier &#8211; Infos Dijon &#8211; 18/05/2019 [PDF] Dijon : la 14e édition de « Jouons [&hellip;]</p>

Presse 2021 Avez-vous des articles de presse ? 2019 Une journée pour partager les différences et mieux comprendre les handicaps &#8211; Alix Berthier &#8211; Infos Dijon &#8211; 15/05/2019 [PDF] Succès pour la journée « Jouons de nos différences » &#8211; Alix Berthier &#8211; Infos Dijon &#8211; 18/05/2019 [PDF] Dijon : la 14e édition de « Jouons…
