{"id":186,"date":"2019-03-22T18:36:30","date_gmt":"2019-03-22T17:36:30","guid":{"rendered":"https:\/\/jdnd.mood.asso.fr\/equipe\/?page_id=186"},"modified":"2021-05-31T09:23:21","modified_gmt":"2021-05-31T07:23:21","slug":"video-presentation","status":"publish","type":"page","link":"https:\/\/jdnd.mood.asso.fr\/equipe\/accueil\/communication\/video-presentation\/","title":{"rendered":"Vid\u00e9o de pr\u00e9sentation"},"content":{"rendered":"\n<p>La vid\u00e9o de pr\u00e9sentation 100% accessible :<br>&#8211; pr\u00e9sentation direct en langue des signes fran\u00e7aise ;<br>&#8211; sous-titres en fran\u00e7ais (<a rel=\"noreferrer noopener\" href=\"https:\/\/www.jouonsdenosdifferences.fr\/jouer\/soustitres\/\" data-type=\"URL\" data-id=\"https:\/\/www.jouonsdenosdifferences.fr\/jouer\/soustitres\/\" target=\"_blank\">cliquez ici pour savoir comment les activer<\/a>).<\/p>\n\n\n\n<figure class=\"wp-block-embed is-type-video is-provider-vimeo wp-block-embed-vimeo wp-embed-aspect-16-9 wp-has-aspect-ratio\"><div class=\"wp-block-embed__wrapper\">\n<iframe loading=\"lazy\" title=\"JDND 2021 - Vide\u0301o de pre\u0301sentation\" src=\"https:\/\/player.vimeo.com\/video\/556367717?dnt=1&amp;app_id=122963\" width=\"660\" height=\"371\" frameborder=\"0\" allow=\"autoplay; fullscreen; picture-in-picture; clipboard-write; encrypted-media\"><\/iframe>\n<\/div><\/figure>\n","protected":false},"excerpt":{"rendered":"<p>La vid\u00e9o de pr\u00e9sentation 100% accessible :&#8211; pr\u00e9sentation direct en langue des signes fran\u00e7aise ;&#8211; sous-titres en fran\u00e7ais (cliquez ici pour savoir comment les activer).<\/p>\n","protected":false},"author":1,"featured_media":0,"parent":10,"menu_order":0,"comment_status":"closed","ping_status":"closed","template":"","meta":{"_uag_custom_page_level_css":"","hide_page_title":"","footnotes":""},"class_list":["post-186","page","type-page","status-publish","hentry"],"uagb_featured_image_src":{"full":false,"thumbnail":false,"medium":false,"medium_large":false,"large":false,"1536x1536":false,"2048x2048":false},"uagb_author_info":{"display_name":"stefhan","author_link":"https:\/\/jdnd.mood.asso.fr\/equipe\/author\/stefhan\/"},"uagb_comment_info":0,"uagb_excerpt":"La vid\u00e9o de pr\u00e9sentation 100% accessible :&#8211; pr\u00e9sentation direct en langue des signes fran\u00e7aise ;&#8211; sous-titres en fran\u00e7ais (cliquez ici pour savoir comment les activer).","_links":{"self":[{"href":"https:\/\/jdnd.mood.asso.fr\/equipe\/wp-json\/wp\/v2\/pages\/186","targetHints":{"allow":["GET"]}}],"collection":[{"href":"https:\/\/jdnd.mood.asso.fr\/equipe\/wp-json\/wp\/v2\/pages"}],"about":[{"href":"https:\/\/jdnd.mood.asso.fr\/equipe\/wp-json\/wp\/v2\/types\/page"}],"author":[{"embeddable":true,"href":"https:\/\/jdnd.mood.asso.fr\/equipe\/wp-json\/wp\/v2\/users\/1"}],"replies":[{"embeddable":true,"href":"https:\/\/jdnd.mood.asso.fr\/equipe\/wp-json\/wp\/v2\/comments?post=186"}],"version-history":[{"count":9,"href":"https:\/\/jdnd.mood.asso.fr\/equipe\/wp-json\/wp\/v2\/pages\/186\/revisions"}],"predecessor-version":[{"id":618,"href":"https:\/\/jdnd.mood.asso.fr\/equipe\/wp-json\/wp\/v2\/pages\/186\/revisions\/618"}],"up":[{"embeddable":true,"href":"https:\/\/jdnd.mood.asso.fr\/equipe\/wp-json\/wp\/v2\/pages\/10"}],"wp:attachment":[{"href":"https:\/\/jdnd.mood.asso.fr\/equipe\/wp-json\/wp\/v2\/media?parent=186"}],"curies":[{"name":"wp","href":"https:\/\/api.w.org\/{rel}","templated":true}]}}