{"id":11,"date":"2018-06-15T21:10:25","date_gmt":"2018-06-15T19:10:25","guid":{"rendered":"https:\/\/jdnd.mood.asso.fr\/equipe\/?page_id=11"},"modified":"2022-11-09T12:47:05","modified_gmt":"2022-11-09T11:47:05","slug":"cr","status":"publish","type":"page","link":"https:\/\/jdnd.mood.asso.fr\/equipe\/documents\/cr\/","title":{"rendered":"R\u00e9unions"},"content":{"rendered":"\n<p class=\"has-background\" style=\"background-color:#cee06c\"><strong>&#x26a0;&#xfe0f; Attention, les informations ci-dessous concernent l&rsquo;\u00e9dition 2022<\/strong>.<\/p>\n\n\n\n<p class=\"has-black-color has-text-color\"><em>Ici vous retrouverez tous les comptes-rendus et les dates des r\u00e9unions.<\/em><\/p>\n\n\n\n<h2 class=\"wp-block-heading\" id=\"compte-rendus\">Compte-rendus :<\/h2>\n\n\n\n<ul class=\"wp-block-list\">\n<li><strong>Mardi 23 novembre 2021<\/strong> [t\u00e9l\u00e9charger le PDF : \u00e0 venir].<\/li>\n\n\n\n<li><strong>Mardi 8 f\u00e9vrier 2022<\/strong> [<a rel=\"noreferrer noopener\" href=\"https:\/\/jdnd.mood.asso.fr\/equipe\/wp-content\/uploads\/jdnd2022-220208-CR.pdf\" target=\"_blank\">t\u00e9l\u00e9charger le PDF<\/a>].<\/li>\n\n\n\n<li><strong>Mardi 3 mai 2022<\/strong> [<a href=\"https:\/\/jdnd.mood.asso.fr\/equipe\/wp-content\/uploads\/jdnd2022-220503-cr.pdf\" target=\"_blank\" rel=\"noreferrer noopener\">t\u00e9l\u00e9charger le PDF<\/a>].<\/li>\n<\/ul>\n\n\n\n<hr class=\"wp-block-separator has-css-opacity\"\/>\n\n\n\n<h2 class=\"wp-block-heading\" id=\"prochaines-reunions\">Prochaines r\u00e9unions :<\/h2>\n\n\n\n<ul class=\"wp-block-list\">\n<li>Il n&rsquo;y a plus de r\u00e9union.<\/li>\n<\/ul>\n","protected":false},"excerpt":{"rendered":"<p>&#x26a0;&#xfe0f; Attention, les informations ci-dessous concernent l&rsquo;\u00e9dition 2022. Ici vous retrouverez tous les comptes-rendus et les dates des r\u00e9unions. Compte-rendus : Prochaines r\u00e9unions :<\/p>\n","protected":false},"author":1,"featured_media":0,"parent":2,"menu_order":0,"comment_status":"closed","ping_status":"closed","template":"","meta":{"_uag_custom_page_level_css":"","hide_page_title":"","footnotes":""},"class_list":["post-11","page","type-page","status-publish","hentry"],"uagb_featured_image_src":{"full":false,"thumbnail":false,"medium":false,"medium_large":false,"large":false,"1536x1536":false,"2048x2048":false},"uagb_author_info":{"display_name":"stefhan","author_link":"https:\/\/jdnd.mood.asso.fr\/equipe\/author\/stefhan\/"},"uagb_comment_info":0,"uagb_excerpt":"&#x26a0;&#xfe0f; Attention, les informations ci-dessous concernent l&rsquo;\u00e9dition 2022. Ici vous retrouverez tous les comptes-rendus et les dates des r\u00e9unions. Compte-rendus : Prochaines r\u00e9unions :","_links":{"self":[{"href":"https:\/\/jdnd.mood.asso.fr\/equipe\/wp-json\/wp\/v2\/pages\/11","targetHints":{"allow":["GET"]}}],"collection":[{"href":"https:\/\/jdnd.mood.asso.fr\/equipe\/wp-json\/wp\/v2\/pages"}],"about":[{"href":"https:\/\/jdnd.mood.asso.fr\/equipe\/wp-json\/wp\/v2\/types\/page"}],"author":[{"embeddable":true,"href":"https:\/\/jdnd.mood.asso.fr\/equipe\/wp-json\/wp\/v2\/users\/1"}],"replies":[{"embeddable":true,"href":"https:\/\/jdnd.mood.asso.fr\/equipe\/wp-json\/wp\/v2\/comments?post=11"}],"version-history":[{"count":45,"href":"https:\/\/jdnd.mood.asso.fr\/equipe\/wp-json\/wp\/v2\/pages\/11\/revisions"}],"predecessor-version":[{"id":937,"href":"https:\/\/jdnd.mood.asso.fr\/equipe\/wp-json\/wp\/v2\/pages\/11\/revisions\/937"}],"up":[{"embeddable":true,"href":"https:\/\/jdnd.mood.asso.fr\/equipe\/wp-json\/wp\/v2\/pages\/2"}],"wp:attachment":[{"href":"https:\/\/jdnd.mood.asso.fr\/equipe\/wp-json\/wp\/v2\/media?parent=11"}],"curies":[{"name":"wp","href":"https:\/\/api.w.org\/{rel}","templated":true}]}}